1747 a prime number?
True
Is 17394323 composite?
False
Is 635519 a composite number?
False
Is 46247717 a prime number?
True
Is 160977559 prime?
False
Is 14583949 a composite number?
False
Is 6369619 prime?
True
Is 60423121 a prime number?
False
Is 40909151 a prime number?
True
Is 4664057 composite?
False
Is 37328903 a prime number?
False
Is 1086608767 prime?
False
Is 4890269 composite?
False
Is 6128261 composite?
True
Is 67819 prime?
True
Is 123435471 a composite number?
True
Is 3020417 a prime number?
False
Is 7808579 a prime number?
True
Is 722563 composite?
False
Is 20551733 prime?
True
Is 69241387 a prime number?
False
Is 2065909 a prime number?
False
Is 365173663 composite?
True
Is 1999369 prime?
False
Is 3022391 composite?
False
Is 226644753 a prime number?
False
Is 42538849 a prime number?
True
Is 1046113 a composite number?
False
Is 15412099 composite?
True
Is 10715759 a composite number?
False
Is 213366551 composite?
False
Is 7101503 a prime number?
False
Is 50985183 composite?
True
Is 180092411 prime?
True
Is 1468325557 a composite number?
False
Is 3519361 prime?
True
Is 94863841 a composite number?
False
Is 67178537 a prime number?
False
Is 1926329 prime?
True
Is 14835239 composite?
True
Is 181018241 a prime number?
False
Is 4504193 a prime number?
False
Is 82856897 a prime number?
False
Is 9519013 composite?
True
Is 7108493 a prime number?
False
Is 636552533 a prime number?
False
Is 216690681 composite?
True
Is 14494379 prime?
True
Is 1592171 prime?
False
Is 1575617 composite?
False
Is 1531433 a composite number?
True
Is 16866403 a composite number?
True
Is 1269641 composite?
False
Is 167385211 composite?
True
Is 89594381 prime?
False
Is 16472143 a composite number?
False
Is 147167 prime?
False
Is 771258237 composite?
True
Is 8050721 composite?
True
Is 1946369 composite?
False
Is 1989827 composite?
True
Is 218443 prime?
False
Is 15288631 composite?
False
Is 2746283 a composite number?
False
Is 24714679 prime?
False
Is 256179731 prime?
False
Is 95359387 composite?
False
Is 283775461 prime?
True
Is 209009 prime?
False
Is 8125973 composite?
False
Is 100535231 a prime number?
False
Is 27578807 a composite number?
False
Is 8229619 composite?
False
Is 35816278 a composite number?
True
Is 14001037 a composite number?
True
Is 287583547 a prime number?
True
Is 2091359 prime?
False
Is 55385669 composite?
False
Is 2012597 composite?
False
Is 7927303 prime?
False
Is 687859 prime?
False
Is 48523087 a prime number?
True
Is 42799135 prime?
False
Is 34615481 a composite number?
True
Is 2560759 composite?
False
Is 269634089 a composite number?
False
Is 1473077 a prime number?
True
Is 14277149 a prime number?
True
Is 251164313 a composite number?
False
Is 51559241 a prime number?
False
Is 1785343271 prime?
True
Is 503593 composite?
False
Is 312162019 a prime number?
False
Is 4875482 a prime number?
False
Is 199951415 a prime number?
False
Is 68770909 prime?
False
Is 11010113 a prime number?
True
Is 176298137 composite?
False
Is 397403 a prime number?
False
Is 78587777 a prime number?
False
Is 229299457 composite?
False
Is 143513581 a composite number?
False
Is 265830641 a composite number?
False
Is 9418873 composite?
False
Is 17900005 a prime number?
False
Is 19687709 prime?
True
Is 88752583 prime?
True
Is 6256531 a prime number?
True
Is 2645719 a prime number?
False
Is 69371 prime?
True
Is 35118463 prime?
True
Is 1588403 composite?
True
Is 9842897 a prime number?
False
Is 18017371 prime?
False
Is 7871029 prime?
True
Is 2863057 composite?
False
Is 4320269 composite?
False
Is 128057563 composite?
True
Is 132622957 composite?
False
Is 134571907 composite?
True
Is 85696043 composite?
False
Is 170056303 composite?
False
Is 978941 a composite number?
True
Is 42408721 prime?
True
Is 11293481 a composite number?
True
Is 40926433 a prime number?
True
Is 17169587 a composite number?
False
Is 796001 composite?
False
Is 133194877 a prime number?
True
Is 19829213 a composite number?
False
Is 609837 prime?
False
Is 61433833 a composite number?
False
Is 4999801 composite?
False
Is 227419763 prime?
False
Is 4547407 a prime number?
False
Is 3828041 a composite number?
True
Is 864077 composite?
False
Is 377263643 a composite number?
True
Is 18809993 a composite number?
False
Is 22513489 composite?
True
Is 6789143 prime?
True
Is 124817507 a composite number?
False
Is 542146553 composite?
True
Is 72979617 prime?
False
Is 5838407 composite?
True
Is 644268743 a composite number?
True
Is 177090743 a prime number?
True
Is 13527287 composite?
False
Is 27238973 a composite number?
False
Is 21251273 prime?
False
Is 2603804509 a prime number?
True
Is 3808577 a prime number?
False
Is 243085231 a composite number?
True
Is 5969606 a composite number?
True
Is 11142241 composite?
True
Is 1601687 composite?
False
Is 11608901 a composite number?
True
Is 11238163 a composite number?
False
Is 2855383 composite?
False
Is 86414891 a composite number?
False
Is 2395039 prime?
True
Is 8645762 prime?
False
Is 700647 a prime number?
False
Is 838979 prime?
False
Is 83415767 composite?
False
Is 304408165 composite?
True
Is 748882 composite?
True
Is 6782159 composite?
False
Is 34091471 a composite number?
False
Is 9482339 composite?
False
Is 396086 a prime number?
False
Is 335032553 a composite number?
False
Is 54101731 composite?
True
Is 219124195 prime?
False
Is 2692401 a prime number?
False
Is 101852209 composite?
False
Is 100508389 a prime number?
True
Is 19077171 prime?
False
Is 107177237 prime?
True
Is 6131297 a composite number?
False
Is 35806697 prime?
False
Is 139548503 prime?
True
Is 16014571 a prime number?
False
Is 156887 a composite number?
False
Is 52431 prime?
False
Is 3748971 composite?
True
Is 5523459 a prime number?
False
Is 671581 composite?
False
Is 85477399 prime?
False
Is 2758387 prime?
False
Is 651743 prime?
False
Is 2928745 a composite number?
True
Is 62835127 composite?
False
Is 4905029 prime?
True
Is 7322873 prime?
True
Is 4554413 prime?
False
Is 1769111 a composite number?
False
Is 254429387 a composite number?
True
Is 1481173 a prime number?
True
Is 626177 prime?
True
Is 170313145 composite?
True
Is 17707189 a prime number?
False
Is 499819 a composite number?
False
Is 2884729 composite?
True
Is 112132477 a prime number?
False
Is 54991379 a composite number?
True
Is 255505799 composite?
True
Is 76187053 a prime number?
True
Is 2613037 prime?
False
Is 26040893 composite?
True
Is 25353407 composite?
False
Is 50296409 prime?
True
Is 12851999 prime?
False
Is 138954973 prime?
False
Is 6390937 prime?
False
Is 4120071 composite?
True
Is 27694661 composite?
False
Is 82529 a composite number?
False
Is 547425313 a prime number?
False
Is 34593191 prime?
True
Is 116716763 a composite number?
False
Is 28044197 a composite number?
True
Is 27046774 composite?
True
Is 12667463 prime?
True
Is 2601661 a prime number?
True
Is 20937691 prime?
True
Is 3173953 composite?
False
Is 49934197 composite?
False
Is 4052173 composite?
False
Is 11575363 composite?
True
Is 16497779 prime?
True
Is 15981439 prime?
False
Is 367597 prime?
True
Is 16070707 composite?
True
Is 19863911 a prime number?
False
Is 28136869 prime?
False
Is 6106673 a prime number?
True
Is 17267969 a prime number?
True
Is 774323 prime?
False
Is 290950303 a composite number?
True
Is 44560331 prime?
False
Is 5005337 a prime number?
True
Is 598907 composite?
True
Is 44404841 a prime number?
False
Is 52517839 a composite number?
True
Is 3825551 a prime number?
False
Is 111645797 prime?
False
Is 3617221 composite?
False
Is 5426607 prime?
False
Is 20179903 composite?
True
Is 473549 a prime number?
True
Is 30424813 prime?
True
Is 1062497 prime?
True
Is 20957659 a prime number?
True
Is 149641 prime?
False
Is 120023135 a composite number?
True
Is 14459689 a prime number?
True
Is 45361 a prime number?
True
Is 5225839 a composite number?
False
Is 1674613 a composite number?
False
Is 5050457 a prime number?
False
Is 48323279 prime?
True
Is 63365009 a composite number?
False
Is 19024331 a prime number?
False
Is 143680817 prime?
False
Is 3512809 a prime number?
False
Is 16879319 composite?
True
Is 1807229 a composite number?
True
Is 529009 a composite number?
True
Is 52066769 composite?
False
Is 21695101 composite?
True
Is 59270837 a prim